{"id":512,"date":"2014-06-03T10:55:39","date_gmt":"2014-06-03T14:55:39","guid":{"rendered":"http:\/\/www.alejandroguarello.cl\/?page_id=512"},"modified":"2021-12-14T16:55:23","modified_gmt":"2021-12-14T19:55:23","slug":"publicaciones-2","status":"publish","type":"page","link":"https:\/\/www.alejandroguarello.cl\/?page_id=512","title":{"rendered":"Publicaciones"},"content":{"rendered":"<p>Publicaciones (s\u00f3lo como autor o coautor)<\/p>\n<p>i.\u00a0\u00a0\u00a0\u00a0 revistas nacionales con comit\u00e9 editorial<\/p>\n<p><strong>1996: \u00abEl mercado de trabajo del Compositor nacional\u00bb <\/strong>Situaci\u00f3n de la M\u00fasica Cl\u00e1sica en Chile, MINEDUC\u00a0 Santiago de Chile<\/p>\n<p><strong>1996 \u00abEn torno a la identidad en la m\u00fasica chilena\u00bb <\/strong>Agenda de la M\u00fasica chilena para el pr\u00f3ximo siglo, SCD pp. 40-42 Santiago de Chile<\/p>\n<p><strong>1997 Art\u00edculo: \u201cEl compositor y el neoliberalismo econ\u00f3mico\u00bb <\/strong>Revista Musical Chilena N\u00ba 187 Universidad de Chile pp. 67-68 Santiago de Chile<\/p>\n<p><strong>1998 Art\u00edculo: \u00abS\u00e9ptimo Festival de M\u00fasica Chilena Contempor\u00e1nea: los frutos de la constancia\u00bb <\/strong>Revista \u00abResonancias\u00bb N\u00ba 2 IMUC pp. 126-129 Santiago de Chile<\/p>\n<p><strong>1998 Art\u00edculo: \u00abFernando Ansaldi y Frida Conn : M\u00fasica del Viejo y Nuevo Mundo en los a\u00f1os cincuenta\u00bb <\/strong>Revista \u00abResonancias\u00bb N\u00ba 2 IMUC pp. 106-109 Santiago de Chile<\/p>\n<p><strong>1998 Art\u00edculo: \u00abAsociaci\u00f3n Nacional de Compositores M\u00fasica Chilena del siglo XX, volumen II\u00bb <\/strong>Revista \u00abResonancias\u00bb N\u00ba 3 IMUC pp. 116-119 Santiago de Chile<\/p>\n<p><strong>1999 Art\u00edculo: \u00abJorge Mart\u00ednez Ulloa: M\u00fasica de Arte\u00bb <\/strong>Revista \u00abResonancias\u00bb N\u00ba 5 IMUC pp. 54-56 Santiago de Chile<\/p>\n<p><strong>2000 Art\u00edculo: \u00abAlejandro Lavanderos y Valentina Diaz-Frenot: Resonancias. M\u00fasica Chilena Contempor\u00e1nea para flauta y piano\u00bb <\/strong>Revista \u00abResonancias\u00bb N\u00ba 6 IMUC pp. 76-78 Santiago de Chile<\/p>\n<p><strong>2000 Art\u00edculo: Entrevista a Juan Orrego-Salas <\/strong>Revista \u00abResonancias\u00bb N\u00ba 7 IMUC pp. 5-11 Santiago de Chile<\/p>\n<p><strong>2000 Art\u00edculo: \u00bfEs posible ense\u00f1ar composici\u00f3n? <\/strong>Revista \u00abResonancias\u00bb N\u00ba 7 IMUC pp. 11-16 Santiago de Chile<\/p>\n<p><strong>2000 Art\u00edculo: \u00abPol\u00edtica, m\u00fasica y cr\u00edtica social\u00bb <\/strong>Revista \u00abREVISTA DE CRITICA CULTURAL\u00bb N\u00ba 20, Junio 2000\u00a0 Santiago de Chile<\/p>\n<p><strong>\u00a02001 Art\u00edculo: \u00abAsociaci\u00f3n Nacional de Compositores M\u00fasica Chilena del siglo XX, volumen VII y VIII\u00bb <\/strong>Revista \u00abResonancias\u00bb N\u00ba 9 IMUC pp. Xx-xx Santiago de Chile<\/p>\n<p><strong>\u00a02002 Art\u00edculo: \u00abLuis Jos\u00e9 Recart: Viola Chilena del siglo XXI\u00bb <\/strong>Revista \u00abResonancias\u00bb N\u00ba 11 IMUC pp. 43-44 Santiago de Chile<\/p>\n<p><strong>2002 Art\u00edculo: \u00abUn Auditor que Crea\u00bb<\/strong><\/p>\n<p>Revista \u00abRevista Universitaria\u00bb N\u00ba 78, diciembre 2002, Santiago de Chile<\/p>\n<p><strong>2003 Art\u00edculo: \u00abVisiones. 30 a\u00f1os de m\u00fasica en Chile\u00bb <\/strong>Revista \u00abResonancias\u00bb N\u00ba 12 IMUC pp. 5-52 Santiago de Chile<\/p>\n<p><strong>2003 Art\u00edculo: \u00abGabriel Brncic, compositor chileno radicado en Barcelona, Espa\u00f1a\u00bb <\/strong>Revista \u00abResonancias\u00bb N\u00ba 13 IMUC pp. 5-38 Santiago de Chile<\/p>\n<p><strong>2003 Art\u00edculo: \u00abConstru\u00edr, sonar, pensar. J\u00f3venes compositores\u00bb<\/strong> Revista \u00abResonancias\u00bb N\u00ba 13 IMUC pp. 92-93 Santiago de Chile<\/p>\n<p><strong>2003 Ensayo: \u00abDel ser y\/o estar en la m\u00fasica\u00bb en La Filosof\u00eda como Pasi\u00f3n.<\/strong> Homenaje a Jorge Eduardo Rivera Cruchaga en su 75 cumplea\u00f1os. Patricio Brickle, editor. pp. 291-298\u00a0 Editorial Trotta, Madrid, Espa\u00f1a.<\/p>\n<p><strong>2004 Art\u00edculo: \u00abVila\/Schoenberg. Un documento excepcional\u00bb<\/strong> Revista \u00abResonancias\u00bb N\u00ba 14 IMUC pp. 43-45 Santiago de Chile<\/p>\n<p><strong>2005 SND, obra para piano solo.<\/strong> En \u00abSpectrum 5\u00bb, ABRSM Publishing, Londres, Inglaterra.<\/p>\n<p><strong>2005 \u201cMi experiencia como alumno de Cirilo Vila Castro\u201d <\/strong>Revista Musical Chilena N\u00ba 203. Universidad de Chile. pp 70-73. Santiago-Chile<\/p>\n<p><strong>2005 Art\u00edculo: \u00abConcertante. M\u00fasica de C\u00e1mara para Saxof\u00f3n. Obras de Juan Orrego Salas\u00bb<\/strong> Revista \u00abResonancias\u00bb N\u00ba 16 IMUC pp. 99-101 Santiago de Chile<\/p>\n<p><strong>2006 Art\u00edculo: \u00abComposici\u00f3n Musical. Consideraciones Generales\u00bb<\/strong> Revista \u00abResonancias\u00bb N\u00ba 18 IMUC pp. 11-33 Santiago de Chile<\/p>\n<p><strong>2008 Art\u00edculo: \u00abGabriel Matthey. Trilog\u00eda Las Parrianas y obras Corales\u00bb<\/strong> Revista \u00abResonancias\u00bb N\u00ba 23 IMUC pp. xxxx Santiago de Chile<\/p>\n<p>ii.\u00a0\u00a0\u00a0\u00a0 Art\u00edculos en revistas extranjeras con comit\u00e9 editorial<\/p>\n<p>1.\u00a0\u00a0 \u00a0Art\u00edculos en revistas extranjeras con comit\u00e9 editorial<br \/>\n<strong>2021 Art\u00edculo: \u201cEinheit in der Vielfalt. \u00dcber Musik und meine Musik\u201d<\/strong><br \/>\nMusik Texte\u00a0 Zeitscrift f\u00fcr neue Musik N\u00ba 168, pp. 77-79 K\u00f6ln, Alemania.<\/p>\n<p><strong>2000 Art\u00edculo: \u201cM\u00fasica, percepci\u00f3n, composici\u00f3n\u201d<\/strong><br \/>\nRevista \u201cCODEXXI, Revista de la Comunicaci\u00f3n Musical\u201d N\u00ba 2, pp. 107-136 MiC, Barcelona. Espa\u00f1a<\/p>\n<p>iii.\u00a0\u00a0\u00a0\u00a0 Art\u00edculos en revistas nacionales sin comit\u00e9 editorial<\/p>\n<p><strong>1989 Art\u00edculo: \u00abLa negaci\u00f3n sistem\u00e1tica del arte musical contempor\u00e1neo: Una evaluaci\u00f3n cr\u00edtica, una proposici\u00f3n te\u00f3rica\u00bb <\/strong>Revista A Pulso N\u00ba O Santiago de Chile<\/p>\n<p><strong>1991 Art\u00edculo: \u00abLa Nueva M\u00fasica, Una M\u00fasica ignorada\u00bb <\/strong>Revista Radio Beethoven n\u00ba 126 pp. 15-16 Santiago de Chile<\/p>\n<p><strong>1991 Art\u00edculo: \u00abReflexiones sobre Composici\u00f3n Musical I\u00bb <\/strong>Revista Radio Beethoven n\u00ba 128 pp. 11-12 Santiago de Chile<\/p>\n<p><strong>1991 Art\u00edculo: \u00abReflexiones sobre Composici\u00f3n Musical II\u00bb <\/strong>Revista Radio Beethoven n\u00ba 129 pp. 13-14 Santiago de Chile<\/p>\n<p><strong>1991 Art\u00edculo: \u00abReflexiones sobre Composici\u00f3n Musical III\u00bb <\/strong>Revista Radio Beethoven n\u00ba 130 pp. 15-17 Santiago de Chile<\/p>\n<p><strong>1992 Art\u00edculo: \u00abReflexiones sobre Composici\u00f3n Musical IV\u00bb <\/strong>Revista Radio Beethoven n\u00ba 131 pp. 11-12 Santiago de Chile<\/p>\n<p><strong>\u00a01992 Art\u00edculo: \u00abReflexiones sobre Composici\u00f3n Musical V\u00bb <\/strong>Revista Radio Beethoven n\u00ba 132 pp. 13-15 Santiago de Chile<\/p>\n<p><strong>\u00a01992 Art\u00edculo: \u00abReflexiones sobre Composici\u00f3n Musical VI\u00bb <\/strong>Revista Radio Beethoven n\u00ba 133 pp. 12-14 Santiago de Chile<\/p>\n<p><strong>1992 Art\u00edculo: \u00abSimplezas\u00bb <\/strong>Revista Radio Beethoven n\u00ba 134 pp. 9-10 Santiago de Chile<\/p>\n<p><strong>\u00a01992 Art\u00edculo: \u00abReflexiones sobre Composici\u00f3n Musical VII\u00bb <\/strong>Revista Radio Beethoven n\u00ba 135 pp. 17-20 Santiago de Chile<\/p>\n<p><strong>1992 Art\u00edculo: \u00abReflexiones sobre Composici\u00f3n Musical VIII\u00bb <\/strong>Revista Radio Beethoven n\u00ba 138 pp. 17-18 Santiago de Chile<\/p>\n<p><strong>\u00a01992 Art\u00edculo: \u00abEntre la Raz\u00f3n y la Emoci\u00f3n\u00bb <\/strong>Revista Radio Beethoven n\u00ba 139 pp. 11-14 Santiago de Chile<\/p>\n<p><strong>\u00a01992 Art\u00edculo: \u00abGustavo Becerra Schmidt: Un M\u00fasico ejemplar\u00bb <\/strong>Revista Radio Beethoven n\u00ba 140 pp. 11-12 Santiago de Chile<\/p>\n<p><strong>1992 Art\u00edculo: \u00abLo Nuevo versus lo Cotidiano\u00bb <\/strong>Revista Radio Beethoven n\u00ba 141 pp. 17-18 Santiago de Chile<br \/>\n[whohit]-Publicaciones-[\/whohit]<\/p>\n","protected":false},"excerpt":{"rendered":"<p>Publicaciones (s\u00f3lo como autor o coautor) i.\u00a0\u00a0\u00a0\u00a0 revistas nacionales con comit\u00e9 editorial 1996: \u00abEl mercado de trabajo del Compositor nacional\u00bb Situaci\u00f3n de la M\u00fasica Cl\u00e1sica en Chile, MINEDUC\u00a0 Santiago de&hellip; <\/p>\n","protected":false},"author":2,"featured_media":0,"parent":0,"menu_order":4,"comment_status":"closed","ping_status":"closed","template":"","meta":{"footnotes":""},"_links":{"self":[{"href":"https:\/\/www.alejandroguarello.cl\/index.php?rest_route=\/wp\/v2\/pages\/512"}],"collection":[{"href":"https:\/\/www.alejandroguarello.cl\/index.php?rest_route=\/wp\/v2\/pages"}],"about":[{"href":"https:\/\/www.alejandroguarello.cl\/index.php?rest_route=\/wp\/v2\/types\/page"}],"author":[{"embeddable":true,"href":"https:\/\/www.alejandroguarello.cl\/index.php?rest_route=\/wp\/v2\/users\/2"}],"replies":[{"embeddable":true,"href":"https:\/\/www.alejandroguarello.cl\/index.php?rest_route=%2Fwp%2Fv2%2Fcomments&post=512"}],"version-history":[{"count":4,"href":"https:\/\/www.alejandroguarello.cl\/index.php?rest_route=\/wp\/v2\/pages\/512\/revisions"}],"predecessor-version":[{"id":871,"href":"https:\/\/www.alejandroguarello.cl\/index.php?rest_route=\/wp\/v2\/pages\/512\/revisions\/871"}],"wp:attachment":[{"href":"https:\/\/www.alejandroguarello.cl\/index.php?rest_route=%2Fwp%2Fv2%2Fmedia&parent=512"}],"curies":[{"name":"wp","href":"https:\/\/api.w.org\/{rel}","templated":true}]}}